e tens digit of 379399536?
3
What is the ten thousands digit of 8139684858?
8
What is the hundred millions digit of 241619099?
2
What is the hundreds digit of 47204496?
4
What is the ten millions digit of 62718777?
6
What is the ten millions digit of 161638754?
6
What is the millions digit of 2857037596?
7
What is the hundreds digit of 1307357639?
6
What is the thousands digit of 148728288?
8
What is the thousands digit of 8637494?
7
What is the units digit of 57958671?
1
What is the hundred thousands digit of 93198115?
1
What is the ten millions digit of 38804899?
3
What is the hundred thousands digit of 199594888?
5
What is the hundreds digit of 1308247406?
4
What is the hundred thousands digit of 159468093?
4
What is the units digit of 15563816?
6
What is the ten thousands digit of 32478872?
7
What is the ten millions digit of 240406943?
4
What is the hundred thousands digit of 4757262201?
2
What is the ten thousands digit of 107728178?
2
What is the hundreds digit of 295449188?
1
What is the ten millions digit of 30611761?
3
What is the units digit of 894400548?
8
What is the hundred thousands digit of 3574540135?
5
What is the thousands digit of 60522615?
2
What is the units digit of 5810700441?
1
What is the hundreds digit of 155170807?
8
What is the units digit of 15290522?
2
What is the tens digit of 54481925?
2
What is the hundred thousands digit of 523129199?
1
What is the hundreds digit of 462064288?
2
What is the ten millions digit of 6577844108?
7
What is the millions digit of 200981763?
0
What is the hundred thousands digit of 32546133?
5
What is the millions digit of 231230270?
1
What is the hundred millions digit of 269606890?
2
What is the thousands digit of 1471923338?
3
What is the ten thousands digit of 143419934?
1
What is the hundred millions digit of 323905102?
3
What is the hundred thousands digit of 17202379?
2
What is the ten millions digit of 742893810?
4
What is the millions digit of 218378899?
8
What is the millions digit of 103310415?
3
What is the tens digit of 202324518?
1
What is the ten millions digit of 72297292?
7
What is the ten millions digit of 507767813?
0
What is the thousands digit of 159898872?
8
What is the hundred thousands digit of 393829217?
8
What is the ten thousands digit of 75694956?
9
What is the ten millions digit of 13973763?
1
What is the millions digit of 1076596?
1
What is the hundred millions digit of 3369965026?
3
What is the hundreds digit of 3773144?
1
What is the hundred thousands digit of 4509812566?
8
What is the tens digit of 1416381045?
4
What is the millions digit of 154866894?
4
What is the thousands digit of 52813776?
3
What is the units digit of 9583981?
1
What is the hundred thousands digit of 596438438?
4
What is the tens digit of 48654780?
8
What is the tens digit of 428685338?
3
What is the ten thousands digit of 70351361?
5
What is the tens digit of 811619107?
0
What is the ten thousands digit of 136012696?
1
What is the hundred thousands digit of 57750249?
7
What is the ten thousands digit of 1431376582?
7
What is the thousands digit of 64777085?
7
What is the ten thousands digit of 294557573?
5
What is the millions digit of 207079066?
7
What is the units digit of 139819550?
0
What is the millions digit of 35713631?
5
What is the billions digit of 1495996967?
1
What is the hundred thousands digit of 190776393?
7
What is the ten millions digit of 4350114604?
5
What is the ten thousands digit of 57533442?
3
What is the hundred thousands digit of 3669846765?
8
What is the tens digit of 747177256?
5
What is the thousands digit of 136823398?
3
What is the ten thousands digit of 755625113?
2
What is the millions digit of 89255448?
9
What is the hundred thousands digit of 994742818?
7
What is the hundreds digit of 31299342?
3
What is the millions digit of 1271657868?
1
What is the hundred thousands digit of 2507124351?
1
What is the thousands digit of 560256112?
6
What is the hundred thousands digit of 7867818?
8
What is the tens digit of 20172795?
9
What is the thousands digit of 227966756?
6
What is the hundred millions digit of 106042255?
1
What is the thousands digit of 51676499?
6
What is the millions digit of 1457632698?
7
What is the hundred thousands digit of 1082445531?
4
What is the tens digit of 1548586573?
7
What is the units digit of 339436012?
2
What is the hundreds digit of 33269905?
9
What is the units digit of 1106997121?
1
What is the units digit of 3267488212?
2
What is the ten thousands digit of 167574858?
7
What is the ten millions digit of 2955011735?
5
What is the tens digit of 169522823?
2
What is the hundred millions digit of 212384195?
2
What is the ten millions digit of 647626769?
4
What is the ten millions digit of 18904349?
1
What is the hundreds digit of 822758110?
1
What is the millions digit of 54814942?
4
What is the ten thousands digit of 486486797?
8
What is the millions digit of 579853683?
9
What is the ten thousands digit of 5619515455?
1
What is the hundreds digit of 158199007?
0
What is the ten thousands digit of 600406078?
0
What is the hundreds digit of 22781713?
7
What is the hundred millions digit of 1134806293?
1
What is the tens digit of 35415699?
9
What is the thousands digit of 726474007?
4
What is the ten thousands digit of 143686679?
8
What is the billions digit of 2536128814?
2
What is the millions digit of 10381891?
0
What is the hundred thousands digit of 237702541?
7
What is the units digit of 45932308?
8
What is the units digit of 800120902?
2
What is the millions digit of 973746048?
3
What is the tens digit of 866179006?
0
What is the hundreds digit of 685987527?
5
What is the hundreds digit of 137457360?
3
What is the hundred millions digit of 903118070?
9
What is the tens digit of 192499808?
0
What is the ten thousands digit of 30492875?
9
What is the hundred thousands digit of 733915263?
9
What is the ten millions digit of 79785710?
7
What is the units digit of 729439076?
6
What is the hundreds digit of 32082443?
4
What is the hundred millions digit of 134156320?
1
What is the hundred thousands digit of 35055552?
0
What is the ten millions digit of 634761288?
3
What is the billions digit of 3868050535?
3
What is the hundreds digit of 4483595913?
9
What is the hundreds digit of 280684684?
6
What is the thousands digit of 215884253?
4
What is the ten millions digit of 67189749?
6
What is the hundred millions digit of 8571076549?
5
What is the tens digit of 6166247724?
2
What is the hundred thousands digit of 125310552?
3
What is the ten millions digit of 2490760456?
9
What is the hundred thousands digit of 550735529?
7
What is the hundred thousands digit of 375534798?
5
What is the billions digit of 2151335985?
2
What is the ten millions digit of 99564013?
9
What is the millions digit of 73666274?
3
What is the tens digit of 54196132?
3
What is the hundred thousands digit of 927796050?
7
What is the hundreds digit of 2492134545?
5
What is the millions digit of 133593625?
3
What is the ten thousands digit of 44702346?
0
What is the thousands digit of 9560686?
0
What is the ten thousands digit of 462085555?
8
What is the units digit of 16572932?
2
What is the millions digit of 134965179?
4
What is the tens digit of 43843106?
0
What is the hundred millions digit of 192092184?
1
What is the hundreds digit of 2460090292?
2
What is the ten millions digit of 2212758932?
1
What is the ten thousands digit of 936892883?
9
What is the tens digit of 108907153?
5
What is the thousands digit of 129870038?
0
What is the ten millions digit of 384148491?
8
What is the ten thousands digit of 14032022?
3
What is the hundred thousands digit of 593810373?
8
What is the ten thousands digit of 513176824?
7
What is the ten thousands digit of 162683355?
8
What is the tens digit of 1364512602?
0
What is the units digit of 2163207494?
4
What is the ten thousands digit of 47865545?
6
What is the units digit of 2588440553?
3
What is the hundred thousands digit of 19769800?
7
What is the tens digit of 243054818?
1
What is the ten millions digit of 106178577?
0
What is the tens digit of 291350584?
8
What is the units digit of 48470690?
0
What is the units digit of 311350003?
3
What is the hundred thousands digit of 1772236752?
2
What is the units